is divided by 3?
2
Let b be (-6)/3 + 3 + -2. What is the remainder when 17 is divided by 8 - 3/(0 - b)?
2
Suppose -p + y + 31 = 0, -8*p + 3*p + 2*y + 158 = 0. Suppose p = 3*j - 5*b, -36 = -5*j + 6*b - 2*b. What is the remainder when j is divided by 2?
0
Suppose c = -c - 72. Let p = -25 - c. What is the remainder when 54 is divided by p?
10
Let g = -20 + 38. Let l = -1 + g. Calculate the remainder when 32 is divided by l.
15
What is the remainder when (-5 - -1)*135/(-4) is divided by 34?
33
Suppose -2 = 4*i - 58. Calculate the remainder when 51 is divided by i.
9
Let k(j) = -j**2 - j. Let z(m) = -4*m**2 - 16*m + 7. Let g(f) = 5*k(f) - z(f). Suppose 2*s - s = 4. Calculate the remainder when g(9) is divided by s.
3
Let h be 6/33 + 159/33. Suppose 16 = v + h. What is the remainder when 31 is divided by v?
9
Let k(z) be the second derivative of 31*z**5/20 + z**3/6 - z. Suppose 3*q + 39 = 3*j + q, 0 = 2*j + 3*q - 13. What is the remainder when k(1) is divided by j?
10
Suppose 0*w - 48 = -4*w. Calculate the remainder when 45 is divided by w.
9
Let t(p) = -2*p**3 + 10*p**2 + p + 5. Calculate the remainder when 57 is divided by t(5).
7
Let c = -25 - -35. Let u = c + -3. Let j = 101 + -89. Calculate the remainder when j is divided by u.
5
Let h(x) = x**2 - 9*x - 7. What is the remainder when -4*(-2)/4 + 26 is divided by h(11)?
13
Let q(n) = n**2 + 8*n - 11. Let s be q(-10). Suppose -5*p + s = -21. What is the remainder when 11 is divided by p?
5
Let c(y) = -2*y + 3. Let p(k) = 0*k + 1 - k + 2 + 0. What is the remainder when c(-4) is divided by p(-3)?
5
Suppose 2*i - 4*i + 40 = 0. What is the remainder when i is divided by 8?
4
Let j = 5 - 1. Suppose -j*c - 6 = -26. Calculate the remainder when c is divided by 2.
1
Calculate the remainder when 11 is divided by 6 - 2 - (-1 + 2).
2
Suppose -65*x + 70*x - 135 = 0. Calculate the remainder when x is divided by 15.
12
Let v = 45 - 31. Calculate the remainder when 26 is divided by v.
12
What is the remainder when 2/(-6) - (-755)/15 is divided by 17?
16
Calculate the remainder when 103 is divided by (52/(-3))/(4*(-1)/6).
25
Suppose 3*b - 24 = 5*u, b = -u + 3*u + 9. Let n = u - -13. Calculate the remainder when n is divided by 4.
2
Suppose 0 = 3*v - 10 + 1. Suppose -88 = -2*s - 4*p, -2*p = -v*s - 2*s + 184. Let u = 3 + 10. Calculate the remainder when s is divided by u.
12
Let w(j) = 5*j**2 + j. Calculate the remainder when w(2) is divided by 6.
4
Let l = 120 - 113. Calculate the remainder when 20 is divided by l.
6
Let z be (-1)/3 + (-16)/(-12). Let h be 0 + -2 + 8/z. Suppose 0 = h*o - 5*o - 5. What is the remainder when 12 is divided by o?
2
Let a(h) = h**3 - 6*h**2 + 8*h - 8. Let j be a(6). Suppose j = 4*s - 12. Let t = s + -6. What is the remainder when 20 is divided by t?
6
Let x(z) = -z**3 + z + 6. Let v be x(0). Let w(r) = -r**2 + 6*r + 4. Let b(q) = -q**2 + 9*q + 11. What is the remainder when b(9) is divided by w(v)?
3
What is the remainder when 27 + -1 + (-4 - -1) is divided by 13?
10
Let k = 137 + -82. What is the remainder when k is divided by 21?
13
What is the remainder when 3 - -7 - (2 - 3) is divided by 5?
1
Suppose 4*d + 4*c - 248 = -0*d, 0 = -3*d + 5*c + 202. Calculate the remainder when d is divided by 22.
20
Let t = 23 - -5. What is the remainder when 83 is divided by t?
27
Let u = 46 + -21. Let r = u - 6. Calculate the remainder when r is divided by 7.
5
Let x(a) = a**3 - 10*a**2 + 11. Suppose 24 + 6 = 3*h. Calculate the remainder when 41 is divided by x(h).
8
Suppose 0*y + 40 = 5*y. Calculate the remainder when y is divided by 1*((-6)/(-3) - -3).
3
Let h = 36 - 11. Calculate the remainder when 73 is divided by h.
23
Suppose -3*b + 2*d + 37 = 0, 2*d = -5*b + 12 + 71. Let p(k) = k**3 - 9*k**2 + 5*k - 2. Calculate the remainder when p(9) is divided by b.
13
What is the remainder when 114 is divided by (5/2 + -2)*58?
27
Suppose 0 = z - 5*z + 40. What is the remainder when 39 is divided by z?
9
Let k = -48 - -71. Suppose -3*w = 3*w - 270. What is the remainder when w is divided by k?
22
Suppose -58 + 14 = -5*u - 3*k, 3*k = u + 2. Calculate the remainder when 26 is divided by u.
5
Suppose 0 = 2*k + 23 - 49. What is the remainder when 63 is divided by k?
11
Let f(c) = 6*c - 4*c - 3 + c. Suppose t - 25 = -0*t. What is the remainder when t is divided by f(4)?
7
Let v = -98 - -110. What is the remainder when 81 is divided by v?
9
Let x(i) = -3*i + 3. What is the remainder when 32 is divided by x(-2)?
5
What is the remainder when (-5672)/(-72) - (-3 + 50/18) is divided by 14?
9
Suppose -82 = -5*x - 3*q, -x - 22 = -2*x + 5*q. What is the remainder when 50 is divided by x?
16
What is the remainder when 143 is divided by 15/120 + 231/8?
27
Let j(n) = n**2 - 7*n - 9. Let y = 31 + -21. What is the remainder when 61 is divided by j(y)?
19
Let w(p) = 3*p**3 + 9*p**2 + 3*p - 4. Let s(j) = -10*j**3 - 26*j**2 - 8*j + 13. Let y(f) = 2*s(f) + 7*w(f). What is the remainder when y(-10) is divided by 13?
9
Let n = -4 - -6. Suppose 4*s = 3*r - 92, -3*r + n*r + 3*s + 29 = 0. Suppose 57 = 4*i - 3*p - 8, -i - 4*p + 21 = 0. What is the remainder when r is divided by i?
15
Calculate the remainder when (1 + -4)/(5/(-95)) is divided by 15.
12
Suppose -4*m + 380 = 4*i, 5*m - i - 493 = -0*i. What is the remainder when m is divided by 33?
32
Suppose -2*j = 2*j - 136. Suppose 8*o = -0*o + 72. What is the remainder when j is divided by o?
7
Let q(d) = 17*d - 5. What is the remainder when q(12) is divided by 40?
39
Suppose -4*b + 4 = 0, 0 = -0*n + 4*n - 5*b - 211. Calculate the remainder when n is divided by 19.
16
Let p(a) = a**2 + 2*a + 4. Let z be p(-2). Suppose -s - 3*g = -18, -2*s + 23 = -s + z*g. Let u(o) = 4*o - 3. Calculate the remainder when u(3) is divided by s.
0
Suppose -22 = -3*s - 4*o, -o = -0*s + 3*s - 28. Calculate the remainder when 12 is divided by s.
2
Let m be 0/(-2 + (-2)/(-2)). Let r(k) = -k**3 + 9*k**2 + 9*k + 12. Let d be r(10). Suppose d*b = -m*b + 48. What is the remainder when b is divided by 13?
11
Let l = -64 - -105. What is the remainder when 122 is divided by l?
40
Let l = -2 + 44. Suppose -2*o = o - l. Suppose o = 3*f - 25. What is the remainder when 25 is divided by f?
12
Let g = 16 + -20. What is the remainder when -5 + 2 - (-68 - g) is divided by 16?
13
Suppose -45 = -4*z - 1. Let h = z - 6. Let f = h - 2. Calculate the remainder when f is divided by 2.
1
Let v(p) = 4*p + 8. Let q(n) = -7*n - 16. Let b(u) = -3*q(u) - 5*v(u). Calculate the remainder when 13 is divided by b(0).
5
Suppose -4*m = 3*c - 3 + 2, -5*m - 5*c = 0. Suppose -19 = -3*w - m. Calculate the remainder when 7 is divided by (-3*8/w)/(-1).
3
Let j(m) = 10*m**2. Suppose d - 33 = z, -d + 3*d = -3*z + 46. Calculate the remainder when d is divided by j(-1).
9
Let d be (-16)/(-6) - 4/(-3). Suppose 0 = 5*j - 2*c + 10, c = -3*j - 2*c + 15. Let i = d + j. What is the remainder when 7 is divided by i?
3
Let u(f) = 4*f**3 - 4*f**3 + 5*f + f**3 - 10 + 9*f**2. Let a be u(-7). Let s = a - 26. What is the remainder when s is divided by 10?
7
Let o be 134 + (4 - 2) - -3. Let t = -80 + o. Calculate the remainder when t is divided by 20.
19
Let d(g) = -g**3 - 13*g**2 + 2*g + 29. What is the remainder when 6 is divided by d(-13)?
0
Let b = 464 - 319. What is the remainder when b is divided by 37?
34
Let x = 30 + -26. Let y(a) = a + 3. Calculate the remainder when y(4) is divided by x.
3
Suppose l = -2*l + 12. Let v = 11 - 5. Calculate the remainder when v is divided by l.
2
Let w = 264 + -177. What is the remainder when w is divided by 15?
12
Suppose 0 = 6*k - 3*k. Suppose 3*b = -k*b + 66. Calculate the remainder when b is divided by 8.
6
Let c(i) = -i**3 - 6*i**2 - 4*i + 3. Let d be c(-4). Let k = -2 - d. Calculate the remainder when 31 is divided by k.
9
Suppose 0 = 6*a - 139 - 713. What is the remainder when a is divided by 29?
26
Let p(r) = r**3 + 4*r**2 - r - 4. Suppose 6*a + m = 2*a - 7, 0 = 2*a + 3*m - 9. Calculate the remainder when 22 is divided by p(a).
6
Calculate the remainder when 31 is divided by (-3)/(-3) + 0 + (8 - -2).
9
Suppose -y - 2*l = -3, -l = -y - 6*l + 9. Let g(c) = -c**2 + 7*c + 1. Calculate the remainder when (y/(-2))/(2/124) is divided by g(5).
9
Let p = 120 - 78. Let j(d) = -9*d**2 + 11*d - 2. Let g(u) = 5*u**2 - 6*u 